{"id":36,"date":"2018-01-07T21:25:29","date_gmt":"2018-01-07T20:25:29","guid":{"rendered":"http:\/\/kinokultur-heidenheim.de\/?page_id=36"},"modified":"2025-03-02T23:18:08","modified_gmt":"2025-03-02T22:18:08","slug":"filmfestival","status":"publish","type":"page","link":"https:\/\/kinokultur-heidenheim.de\/index.php\/veranstaltungen\/filmfestival\/","title":{"rendered":"Filmfestival"},"content":{"rendered":"\n<p>7. Heidenheimer Filmfestival<\/p>\n\n\n\n<p>am Samstag, 29. M\u00e4rz 2025 im Werkgymnasium Heidenheim<\/p>\n\n\n\n<p><\/p>\n\n\n\n<p class=\"has-large-font-size\"><strong>17:00<\/strong><\/p>\n\n\n\n<p class=\"has-x-large-font-size\"><strong>Die leisen und die gro\u00dfen T\u00f6ne<\/strong><\/p>\n\n\n\n<figure class=\"wp-block-image size-full is-resized\"><img loading=\"lazy\" decoding=\"async\" width=\"740\" height=\"992\" src=\"https:\/\/kinokultur-heidenheim.de\/wp-content\/uploads\/2025\/03\/image.png\" alt=\"\" class=\"wp-image-259\" style=\"width:500px\" srcset=\"https:\/\/kinokultur-heidenheim.de\/wp-content\/uploads\/2025\/03\/image.png 740w, https:\/\/kinokultur-heidenheim.de\/wp-content\/uploads\/2025\/03\/image-632x847.png 632w\" sizes=\"auto, (max-width: 740px) 100vw, 740px\" \/><\/figure>\n\n\n\n<p>Der gefeierte Dirigent Thibaut (Benjamin Lavernhe) ist an Leuk\u00e4mie<br>erkrankt und braucht einen Knochenmarkspender. Als er erf\u00e4hrt,<br>dass er adoptiert wurde, begibt er sich auf die Suche nach<br>Familienangeh\u00f6rigen, die ihm helfen k\u00f6nnten. Da bekanntlich<br>Geschwister als optimale Knochenmarkspender in Frage kommen,<br>hofft er, dass seine Schwester ihn rettet. Doch nach der<br>Untersuchung kommt es heraus, dass seine Schwester nicht seine Schwester ist.<\/p>\n\n\n\n<p>F 2024. 104min. FSK0. Regie: Emmanuel Courcol. Cast: Benjamin<br>Lavernhe, Pierre Lottin, Sarah Suco, Jacques Bonnaff\u00e9<\/p>\n\n\n\n<p><\/p>\n\n\n\n<p><\/p>\n\n\n\n<p class=\"has-large-font-size\"><strong>19:30<\/strong><\/p>\n\n\n\n<p class=\"has-x-large-font-size\"><strong>Perfect Days<\/strong><\/p>\n\n\n\n<figure class=\"wp-block-image size-full is-resized\"><img loading=\"lazy\" decoding=\"async\" width=\"740\" height=\"992\" src=\"https:\/\/kinokultur-heidenheim.de\/wp-content\/uploads\/2025\/03\/image-1.png\" alt=\"\" class=\"wp-image-260\" style=\"width:500px\" srcset=\"https:\/\/kinokultur-heidenheim.de\/wp-content\/uploads\/2025\/03\/image-1.png 740w, https:\/\/kinokultur-heidenheim.de\/wp-content\/uploads\/2025\/03\/image-1-632x847.png 632w\" sizes=\"auto, (max-width: 740px) 100vw, 740px\" \/><\/figure>\n\n\n\n<p>Hirayama scheint mit seinem sehr einfachen Leben als<br>Toilettenreiniger in Tokio vollkommen zufrieden zu sein und widmet<br>sich in seiner Freizeit der Literatur, der Musik und der Fotografie.<br>Eine Reihe unerwarteter Begegnungen enth\u00fcllt ihm jedoch nach und<br>nach seine eigene Vergangenheit. Er beginnt die Gr\u00fcnde<br>nachzuvollziehen, warum die Einfachheit seines t\u00e4glichen Lebens<br>ihm das ersehnte Gl\u00fcck gibt.<br><br>Jap 2023. 123min. FSK0. Regie: Wim Wenders. Cast: K\u014dji Yakusho,<br>Arisa Nakano, Tokio Emoto, Yumi Aso<\/p>\n\n\n\n<p><\/p>\n\n\n\n<p><\/p>\n\n\n\n<p><\/p>\n\n\n\n<p><\/p>\n\n\n\n<p><\/p>\n\n\n\n<p><\/p>\n\n\n\n<p><\/p>\n\n\n\n<p><\/p>\n","protected":false},"excerpt":{"rendered":"<div class=\"entry-summary\">\n7. Heidenheimer Filmfestival am Samstag, 29. M\u00e4rz 2025 im Werkgymnasium Heidenheim 17:00&hellip;\n<\/div>\n<div class=\"link-more\"><a href=\"https:\/\/kinokultur-heidenheim.de\/index.php\/veranstaltungen\/filmfestival\/\" class=\"more-link\">Continue reading<span class=\"screen-reader-text\"> &ldquo;Filmfestival&rdquo;<\/span>&hellip;<\/a><\/div>\n","protected":false},"author":1,"featured_media":0,"parent":18,"menu_order":0,"comment_status":"closed","ping_status":"closed","template":"page-template\/_fullwidth.php","meta":{"footnotes":""},"class_list":["post-36","page","type-page","status-publish","hentry","entry"],"_links":{"self":[{"href":"https:\/\/kinokultur-heidenheim.de\/index.php\/wp-json\/wp\/v2\/pages\/36","targetHints":{"allow":["GET"]}}],"collection":[{"href":"https:\/\/kinokultur-heidenheim.de\/index.php\/wp-json\/wp\/v2\/pages"}],"about":[{"href":"https:\/\/kinokultur-heidenheim.de\/index.php\/wp-json\/wp\/v2\/types\/page"}],"author":[{"embeddable":true,"href":"https:\/\/kinokultur-heidenheim.de\/index.php\/wp-json\/wp\/v2\/users\/1"}],"replies":[{"embeddable":true,"href":"https:\/\/kinokultur-heidenheim.de\/index.php\/wp-json\/wp\/v2\/comments?post=36"}],"version-history":[{"count":11,"href":"https:\/\/kinokultur-heidenheim.de\/index.php\/wp-json\/wp\/v2\/pages\/36\/revisions"}],"predecessor-version":[{"id":261,"href":"https:\/\/kinokultur-heidenheim.de\/index.php\/wp-json\/wp\/v2\/pages\/36\/revisions\/261"}],"up":[{"embeddable":true,"href":"https:\/\/kinokultur-heidenheim.de\/index.php\/wp-json\/wp\/v2\/pages\/18"}],"wp:attachment":[{"href":"https:\/\/kinokultur-heidenheim.de\/index.php\/wp-json\/wp\/v2\/media?parent=36"}],"curies":[{"name":"wp","href":"https:\/\/api.w.org\/{rel}","templated":true}]}}

<p>7. Heidenheimer Filmfestival</p>



<p>am Samstag, 29. März 2025 im Werkgymnasium Heidenheim</p>



<p></p>



<p class="has-large-font-size"><strong>17:00</strong></p>



<p class="has-x-large-font-size"><strong>Die leisen und die großen Töne</strong></p>



<figure class="wp-block-image size-full is-resized"><img loading="lazy" decoding="async" width="740" height="992" src="https://kinokultur-heidenheim.de/wp-content/uploads/2025/03/image.png" alt="" class="wp-image-259" style="width:500px" srcset="https://kinokultur-heidenheim.de/wp-content/uploads/2025/03/image.png 740w, https://kinokultur-heidenheim.de/wp-content/uploads/2025/03/image-632x847.png 632w" sizes="auto, (max-width: 740px) 100vw, 740px" /></figure>



<p>Der gefeierte Dirigent Thibaut (Benjamin Lavernhe) ist an Leukämie<br>erkrankt und braucht einen Knochenmarkspender. Als er erfährt,<br>dass er adoptiert wurde, begibt er sich auf die Suche nach<br>Familienangehörigen, die ihm helfen könnten. Da bekanntlich<br>Geschwister als optimale Knochenmarkspender in Frage kommen,<br>hofft er, dass seine Schwester ihn rettet. Doch nach der<br>Untersuchung kommt es heraus, dass seine Schwester nicht seine Schwester ist.</p>



<p>F 2024. 104min. FSK0. Regie: Emmanuel Courcol. Cast: Benjamin<br>Lavernhe, Pierre Lottin, Sarah Suco, Jacques Bonnaffé</p>



<p></p>



<p></p>



<p class="has-large-font-size"><strong>19:30</strong></p>



<p class="has-x-large-font-size"><strong>Perfect Days</strong></p>



<figure class="wp-block-image size-full is-resized"><img loading="lazy" decoding="async" width="740" height="992" src="https://kinokultur-heidenheim.de/wp-content/uploads/2025/03/image-1.png" alt="" class="wp-image-260" style="width:500px" srcset="https://kinokultur-heidenheim.de/wp-content/uploads/2025/03/image-1.png 740w, https://kinokultur-heidenheim.de/wp-content/uploads/2025/03/image-1-632x847.png 632w" sizes="auto, (max-width: 740px) 100vw, 740px" /></figure>



<p>Hirayama scheint mit seinem sehr einfachen Leben als<br>Toilettenreiniger in Tokio vollkommen zufrieden zu sein und widmet<br>sich in seiner Freizeit der Literatur, der Musik und der Fotografie.<br>Eine Reihe unerwarteter Begegnungen enthüllt ihm jedoch nach und<br>nach seine eigene Vergangenheit. Er beginnt die Gründe<br>nachzuvollziehen, warum die Einfachheit seines täglichen Lebens<br>ihm das ersehnte Glück gibt.<br><br>Jap 2023. 123min. FSK0. Regie: Wim Wenders. Cast: Kōji Yakusho,<br>Arisa Nakano, Tokio Emoto, Yumi Aso</p>



<p></p>



<p></p>



<p></p>



<p></p>



<p></p>



<p></p>



<p></p>



<p></p>

<div class="entry-summary">
7. Heidenheimer Filmfestival am Samstag, 29. März 2025 im Werkgymnasium Heidenheim 17:00&hellip;
</div>
<div class="link-more"><a href="https://kinokultur-heidenheim.de/index.php/veranstaltungen/filmfestival/" class="more-link">Continue reading<span class="screen-reader-text"> &ldquo;Filmfestival&rdquo;</span>&hellip;</a></div>
