{"id":40,"date":"2018-01-07T21:26:22","date_gmt":"2018-01-07T20:26:22","guid":{"rendered":"http:\/\/kinokultur-heidenheim.de\/?page_id=40"},"modified":"2025-10-14T12:00:16","modified_gmt":"2025-10-14T10:00:16","slug":"sonderveranstaltungen","status":"publish","type":"page","link":"https:\/\/kinokultur-heidenheim.de\/index.php\/veranstaltungen\/sonderveranstaltungen\/","title":{"rendered":"Sonderveranstaltungen"},"content":{"rendered":"\n<p class=\"has-medium-font-size\">\u2728 <strong>Wir feiern 10 Jahre KinoKultur Heidenheim e.V.!<\/strong>&nbsp;\u2728<\/p>\n\n\n\n<p><strong>10 Jahre\u2026 2 Filme\u2026 1 Gespr\u00e4ch<\/strong><\/p>\n\n\n\n<p>Kinokultur Heidenheim e. V. hat 10. Geburtstag und zeigt 2 Filme und freut sich auf 1 Gespr\u00e4ch.<\/p>\n\n\n\n<p>Zu unserem Jubil\u00e4um laden wir Sie herzlich zu einem ganz besonderen Film- und Literaturerlebnis ein \u2013 in Kooperation mit der Stadtbibliothek Heidenheim<\/p>\n\n\n\n<p>Veranstaltungsort: Margarete-Hannsmann-Saal in der Stadtbibliothek Willy-Brandt-Platz 1.<\/p>\n\n\n\n<p>\ud83c\udfac <strong>Das Jubil\u00e4ums-Programm:<\/strong><br><strong>Donnerstag, 06.11.2025 | 19:00 Uhr<\/strong><\/p>\n\n\n\n<figure class=\"wp-block-image size-full is-resized\"><img loading=\"lazy\" decoding=\"async\" width=\"780\" height=\"1040\" src=\"https:\/\/kinokultur-heidenheim.de\/wp-content\/uploads\/2025\/10\/image.png\" alt=\"\" class=\"wp-image-282\" style=\"width:840px;height:auto\" srcset=\"https:\/\/kinokultur-heidenheim.de\/wp-content\/uploads\/2025\/10\/image.png 780w, https:\/\/kinokultur-heidenheim.de\/wp-content\/uploads\/2025\/10\/image-632x843.png 632w, https:\/\/kinokultur-heidenheim.de\/wp-content\/uploads\/2025\/10\/image-768x1024.png 768w\" sizes=\"auto, (max-width: 780px) 100vw, 780px\" \/><\/figure>\n\n\n\n<p>Deutsche Filmkom\u00f6die aus dem Jahr 2012 mit Joachim Kr\u00f3l, Vladimir Burlakov, Armin Rohde, Katja Riemann.<\/p>\n\n\n\n<p><\/p>\n\n\n\n<p><\/p>\n\n\n\n<p><strong>Freitag, 07.11.2025 | 17:00 Uhr<\/strong><\/p>\n\n\n\n<figure class=\"wp-block-image size-full is-resized\"><img loading=\"lazy\" decoding=\"async\" width=\"707\" height=\"1000\" src=\"https:\/\/kinokultur-heidenheim.de\/wp-content\/uploads\/2025\/10\/image-1.png\" alt=\"\" class=\"wp-image-283\" style=\"width:840px;height:auto\" srcset=\"https:\/\/kinokultur-heidenheim.de\/wp-content\/uploads\/2025\/10\/image-1.png 707w, https:\/\/kinokultur-heidenheim.de\/wp-content\/uploads\/2025\/10\/image-1-632x894.png 632w\" sizes=\"auto, (max-width: 707px) 100vw, 707px\" \/><\/figure>\n\n\n\n<p>Deutscher Roadmovie aus dem Jahr 2021 mit Birgit Minichmayr, Alexandra Maria Lara und Josef Bierbichler<\/p>\n\n\n\n<p class=\"has-medium-font-size\">\ud83d\udc49 Tickets: <strong>8,00 \u20ac pro Film<\/strong>&nbsp;oder <strong>14,00 \u20ac im Paket<\/strong>&nbsp;f\u00fcr beide Abende.<\/p>\n\n\n\n<p><\/p>\n\n\n\n<p class=\"has-medium-font-size\">\ud83c\udf1f <strong>Das Highlight:<\/strong><br>Am Freitag, im Anschluss an den Film &#8222;T\u00f6chter&#8220; erwartet unser Kooperationspartner die Stadtbibliothek Heidenheim um <strong>20.00 Uhr<\/strong> die Erfolgsautor*innen Lucy Fricke (T\u00f6chter) und Michael Ebmeyer (Ausgerechnet Sibirien).<br>Erleben Sie die beiden live bei einem inspirierenden Gespr\u00e4ch \u00fcber B\u00fccher, Drehb\u00fccher und Filme.<\/p>\n\n\n\n<p><\/p>\n\n\n\n<p>\ud83c\udf9f Karten f\u00fcr die Gespr\u00e4chsrunde sind direkt in der Stadtbibliothek erh\u00e4ltlich.<br>\ud83c\udf9f Filmkarten k\u00f6nnen Sie wie gewohnt an der Abendkasse kaufen aber auch vorab bei uns reservieren.<\/p>\n\n\n\n<p><strong>Wir freuen uns darauf, gemeinsam mit Ihnen unser Jubil\u00e4um zu feiern \u2013 und zwei Abende voller KinoKultur zu genie\u00dfen! \ud83d\udcab<\/strong><\/p>\n\n\n\n<p><\/p>\n","protected":false},"excerpt":{"rendered":"<div class=\"entry-summary\">\n\u2728 Wir feiern 10 Jahre KinoKultur Heidenheim e.V.!&nbsp;\u2728 10 Jahre\u2026 2 Filme\u2026&hellip;\n<\/div>\n<div class=\"link-more\"><a href=\"https:\/\/kinokultur-heidenheim.de\/index.php\/veranstaltungen\/sonderveranstaltungen\/\" class=\"more-link\">Continue reading<span class=\"screen-reader-text\"> &ldquo;Sonderveranstaltungen&rdquo;<\/span>&hellip;<\/a><\/div>\n","protected":false},"author":1,"featured_media":0,"parent":18,"menu_order":0,"comment_status":"closed","ping_status":"closed","template":"page-template\/_fullwidth.php","meta":{"footnotes":""},"class_list":["post-40","page","type-page","status-publish","hentry","entry"],"_links":{"self":[{"href":"https:\/\/kinokultur-heidenheim.de\/index.php\/wp-json\/wp\/v2\/pages\/40","targetHints":{"allow":["GET"]}}],"collection":[{"href":"https:\/\/kinokultur-heidenheim.de\/index.php\/wp-json\/wp\/v2\/pages"}],"about":[{"href":"https:\/\/kinokultur-heidenheim.de\/index.php\/wp-json\/wp\/v2\/types\/page"}],"author":[{"embeddable":true,"href":"https:\/\/kinokultur-heidenheim.de\/index.php\/wp-json\/wp\/v2\/users\/1"}],"replies":[{"embeddable":true,"href":"https:\/\/kinokultur-heidenheim.de\/index.php\/wp-json\/wp\/v2\/comments?post=40"}],"version-history":[{"count":13,"href":"https:\/\/kinokultur-heidenheim.de\/index.php\/wp-json\/wp\/v2\/pages\/40\/revisions"}],"predecessor-version":[{"id":296,"href":"https:\/\/kinokultur-heidenheim.de\/index.php\/wp-json\/wp\/v2\/pages\/40\/revisions\/296"}],"up":[{"embeddable":true,"href":"https:\/\/kinokultur-heidenheim.de\/index.php\/wp-json\/wp\/v2\/pages\/18"}],"wp:attachment":[{"href":"https:\/\/kinokultur-heidenheim.de\/index.php\/wp-json\/wp\/v2\/media?parent=40"}],"curies":[{"name":"wp","href":"https:\/\/api.w.org\/{rel}","templated":true}]}}

<p class="has-medium-font-size">✨ <strong>Wir feiern 10 Jahre KinoKultur Heidenheim e.V.!</strong>&nbsp;✨</p>



<p><strong>10 Jahre… 2 Filme… 1 Gespräch</strong></p>



<p>Kinokultur Heidenheim e. V. hat 10. Geburtstag und zeigt 2 Filme und freut sich auf 1 Gespräch.</p>



<p>Zu unserem Jubiläum laden wir Sie herzlich zu einem ganz besonderen Film- und Literaturerlebnis ein – in Kooperation mit der Stadtbibliothek Heidenheim</p>



<p>Veranstaltungsort: Margarete-Hannsmann-Saal in der Stadtbibliothek Willy-Brandt-Platz 1.</p>



<p>🎬 <strong>Das Jubiläums-Programm:</strong><br><strong>Donnerstag, 06.11.2025 | 19:00 Uhr</strong></p>



<figure class="wp-block-image size-full is-resized"><img loading="lazy" decoding="async" width="780" height="1040" src="https://kinokultur-heidenheim.de/wp-content/uploads/2025/10/image.png" alt="" class="wp-image-282" style="width:840px;height:auto" srcset="https://kinokultur-heidenheim.de/wp-content/uploads/2025/10/image.png 780w, https://kinokultur-heidenheim.de/wp-content/uploads/2025/10/image-632x843.png 632w, https://kinokultur-heidenheim.de/wp-content/uploads/2025/10/image-768x1024.png 768w" sizes="auto, (max-width: 780px) 100vw, 780px" /></figure>



<p>Deutsche Filmkomödie aus dem Jahr 2012 mit Joachim Król, Vladimir Burlakov, Armin Rohde, Katja Riemann.</p>



<p></p>



<p></p>



<p><strong>Freitag, 07.11.2025 | 17:00 Uhr</strong></p>



<figure class="wp-block-image size-full is-resized"><img loading="lazy" decoding="async" width="707" height="1000" src="https://kinokultur-heidenheim.de/wp-content/uploads/2025/10/image-1.png" alt="" class="wp-image-283" style="width:840px;height:auto" srcset="https://kinokultur-heidenheim.de/wp-content/uploads/2025/10/image-1.png 707w, https://kinokultur-heidenheim.de/wp-content/uploads/2025/10/image-1-632x894.png 632w" sizes="auto, (max-width: 707px) 100vw, 707px" /></figure>



<p>Deutscher Roadmovie aus dem Jahr 2021 mit Birgit Minichmayr, Alexandra Maria Lara und Josef Bierbichler</p>



<p class="has-medium-font-size">👉 Tickets: <strong>8,00 € pro Film</strong>&nbsp;oder <strong>14,00 € im Paket</strong>&nbsp;für beide Abende.</p>



<p></p>



<p class="has-medium-font-size">🌟 <strong>Das Highlight:</strong><br>Am Freitag, im Anschluss an den Film &#8222;Töchter&#8220; erwartet unser Kooperationspartner die Stadtbibliothek Heidenheim um <strong>20.00 Uhr</strong> die Erfolgsautor*innen Lucy Fricke (Töchter) und Michael Ebmeyer (Ausgerechnet Sibirien).<br>Erleben Sie die beiden live bei einem inspirierenden Gespräch über Bücher, Drehbücher und Filme.</p>



<p></p>



<p>🎟 Karten für die Gesprächsrunde sind direkt in der Stadtbibliothek erhältlich.<br>🎟 Filmkarten können Sie wie gewohnt an der Abendkasse kaufen aber auch vorab bei uns reservieren.</p>



<p><strong>Wir freuen uns darauf, gemeinsam mit Ihnen unser Jubiläum zu feiern – und zwei Abende voller KinoKultur zu genießen! 💫</strong></p>



<p></p>
